git of w?
0
What is the tens digit of 8001/105 - 2/10?
7
Let r(c) = c**3 - 8*c**2 + 697. What is the tens digit of r(0)?
9
Let a = -81 - -821. What is the tens digit of a?
4
What is the tens digit of 4/22 - 4450/220*-8?
6
Let f(x) = 2*x**2 - 9*x - 4. Let w be f(8). Let t = 177 + -103. Suppose -3*b = -w - t. What is the units digit of b?
2
Suppose -4*x = -37 + 21. Suppose 6*l = x*l + 126. What is the units digit of l?
3
Let g(u) = u**2 - 5*u. Let t(i) = -i. Let c be t(-5). Let j be g(c). Suppose -23 + j = -q. What is the tens digit of q?
2
Suppose 109 = 5*j - 111. Suppose -u + j + 67 = 0. What is the units digit of u?
1
Suppose -4*l = 2*u - 16, 4*u - 8 = -l - 4. Suppose -280 = -l*t + 5*o, 5*o + 130 = -0*t + 2*t. What is the tens digit of t?
7
Suppose 0 = j + 2, 5*p = 4*p + j + 417. What is the units digit of p?
5
What is the hundreds digit of (2/(-12) - (-121)/132)*3988?
9
Let z(o) = -3*o + 2*o**3 - 4 - 6*o**2 + 4*o - o**3 - 1. Let c be z(6). What is the units digit of 25/5 - 1/c?
4
Suppose 4*d + 2*m + 20 = 0, 0*d + 3*d + 29 = 2*m. Let j = d - -5. What is the tens digit of (j - -2 - 2) + 29?
2
Suppose 3*p = -s + 1427, -2*s - 7*p + 6*p + 2859 = 0. What is the units digit of s?
0
Suppose 4*x + 20 = 0, -u - 3000 = -6*u + 3*x. What is the hundreds digit of u?
5
Suppose -k + 2*k + 4*m = 359, 3*k = 5*m + 1060. What is the units digit of k?
5
Let k = -86 + 89. Suppose -3*x + 7 = k*f - 8*f, x + 4*f = 25. What is the units digit of x?
9
Let d(c) = -2*c - 6. Let b be d(-11). Suppose -b + 72 = -4*l. Let u = 21 + l. What is the units digit of u?
7
Suppose 2372 = 4*o - 0*o + x, -2*x + 8 = 0. What is the tens digit of o?
9
Let b = -207 + 198. Let t be (-1)/2 - (-190)/4. Let f = t + b. What is the tens digit of f?
3
What is the tens digit of 68600/90 + 48/27 + -2?
6
Let j(y) = -7*y**2 - 37*y - 9. Let z(d) = 15*d**2 + 76*d + 17. Let c(f) = -9*j(f) - 4*z(f). What is the units digit of c(-14)?
5
Let m = 45 + -38. Let w = -5 + 13. Let v = w + m. What is the tens digit of v?
1
What is the tens digit of (-1 + -4)/(2/(-124))?
1
Let a = 6149 + -4049. Suppose -6*d - a = -13*d. What is the units digit of d?
0
Suppose -5*y + 105 = -220. Let t = y - -228. What is the units digit of t?
3
Let u(d) = -2*d - 6. Let z(k) = k**3 - 3*k**2 + 4*k - 2. Let q be z(2). Suppose 0 = -g - q*p - 15, -8 - 21 = 3*g + 2*p. What is the units digit of u(g)?
8
Suppose 2*c = -3 - 13. Let q = c - -10. Suppose 2*s - f - q*f - 20 = 0, 0 = -5*s - 4*f + 27. What is the units digit of s?
7
Let w(b) = -b**3 - 2*b**2 - b + 165. Let g = -90 - -90. What is the hundreds digit of w(g)?
1
Let q be -27*-2*2/6. Let r = q - 23. Let t = r + 10. What is the units digit of t?
5
Let r(c) = 443*c**2 + 2*c + 1. What is the hundreds digit of r(-1)?
4
Suppose 2*x + 4*m - 224 = 3*m, -m = -5*x + 560. Let z be x/(-14)*2/(-8). Let t(h) = 11*h**2 - 4*h + 3. What is the tens digit of t(z)?
3
Suppose -4*w + 669 - 177 = 0. Suppose -3*z + w - 15 = -3*g, -g + 3*z = 36. Let c = -11 - g. What is the units digit of c?
5
Suppose -5*q + 2259 = -4*w, w = 3*q + 219 - 1573. What is the tens digit of q?
5
Let z(v) = 2*v + 15. Let m be z(0). Suppose -14*h = -m*h + 84. What is the tens digit of h?
8
Let n(m) = -2*m**3 + 66*m**2 + 16*m - 60. What is the units digit of n(32)?
0
Suppose -4*k - 5*l - 12 = 0, -k - 3 = 5*l + 15. Suppose 281 = k*m + 25. What is the units digit of m?
8
What is the units digit of 400 + (2/(-10) - 2/(-10))?
0
Let f be ((-2 - -1) + 9)*-1. Let v = -1 - f. Let c(j) = j**3 - 6*j**2 - 7*j + 1. What is the units digit of c(v)?
1
Suppose 4*y = 4*i + y - 2250, 2*y + 565 = i. Suppose 3*p - 561 = -5*f, 3*p - 4*f - f = i. What is the tens digit of p?
8
Suppose -a = -3*h - 4, -11 - 9 = -5*a - h. Let u = a + -3. Suppose t - 18 = -u. What is the tens digit of t?
1
Let r = 3037 + -160. What is the units digit of r?
7
What is the tens digit of 6/(-10) - (-126516)/260?
8
Let t(s) = 5*s + 57. Suppose -2*o = -0*o. What is the tens digit of t(o)?
5
Suppose 2*c = 5*m - 6447, -3*m = 100*c - 97*c - 3885. What is the thousands digit of m?
1
Let u(n) be the third derivative of -5*n**4/24 - n**3/6 - 5*n**2. Let r(m) = 14*m + 2. Let v(a) = 4*r(a) + 11*u(a). What is the units digit of v(8)?
5
Suppose 0 = -o - 5*f + 27, 3*o - 18 = 4*o - 4*f. Suppose 5*g + o*k = 820, 0 = 2*g - 7*g - 4*k + 830. What is the hundreds digit of g?
1
Suppose -2*h - 2*h - 212 = 0. Let x = h - -97. What is the tens digit of x?
4
Suppose -2*c = -5*b + 27, 2*c = 4*b + 1 - 25. Let l be (-76)/c + 16/(-24). Suppose 4*j - 3*s = 92, 0*j + j = -2*s + l. What is the units digit of j?
0
Let m = 3661 - 2459. What is the thousands digit of m?
1
Let y = 47 - 71. Let k = -24 - y. Suppose k = b - 6*b + 25. What is the units digit of b?
5
Let m(o) = -o**3 + 3*o**2 + 5*o - 4. Let r be m(4). Suppose -22 + 69 = -5*t + d, r = -t + 3*d - 1. What is the units digit of (-202)/(-6) + t/15?
3
Let p(y) = 304*y + 15. What is the tens digit of p(2)?
2
Let h be (-24 - -1) + (-6)/(-2). Let x be h/6*(-9)/6. Suppose -222 = -x*d + 33. What is the units digit of d?
1
Let n = -12 - -15. Let p = n + 4. What is the units digit of (-3)/3*(-1 - p)?
8
Let x(c) = c**2 + 3*c + 109. Let g be x(0). What is the tens digit of 2/12*(g + -5)*9?
5
Suppose 6176 = 5*n - 2269. What is the thousands digit of n?
1
Let c be 0/(-12)*(2 + -1). Suppose p + c = 4. Suppose 4*i - 1 = s + 2*i, 0 = p*s + 5*i - 9. What is the units digit of s?
1
Let d = -2 + 5. Suppose -4 = -4*n, 0 = -2*g + 4*n - 2*n - 44. What is the units digit of (-616)/g*d/2?
4
Let b(n) = -338*n - 721. What is the hundreds digit of b(-4)?
6
Suppose -4*v + 4 = -12. Let k(u) = -7 - 2 + v + 28*u + 6. What is the units digit of k(2)?
7
What is the tens digit of ((-185)/2)/((-11)/66)?
5
Let a(q) = -4*q**3 + 4*q**2 - 2*q + 3. Let f(x) = x**3 - x**2 + x - 1. Let s(d) = -a(d) - 3*f(d). Let h be s(-1). What is the units digit of 1/h - 1 - -8?
6
Suppose 10*q - 42 = 3*q. What is the tens digit of (-150)/4*(12/(-18) - q)?
5
Let d(b) = 6*b**2 - 2*b + 1. Let f be d(1). Suppose -5*x - 96 + 306 = 0. Suppose -8*p + x = -f*p. What is the tens digit of p?
1
Suppose -5*v - 506 = -r + 316, -4*r + 3372 = v. What is the units digit of r?
2
Let u = 5 + -10. Let h = 9 - u. Suppose -16 = -5*v + h. What is the units digit of v?
6
Let i(p) = -p**3 - 11 - 6*p**2 + 4*p + 0*p**2 - 3*p**2. Let n be i(-10). What is the tens digit of n + 2 + -1 + -2?
4
Let p = 739 - 455. Suppose 0*y + p = 4*y. What is the units digit of y?
1
Let l be ((-54)/12)/((-1)/4). Suppose 0 = r - 4*d - l, -2*r + 3*d = r - 81. What is the tens digit of r/45 + (-40)/(-3)?
1
Suppose -4*j = -0*j - 16. Suppose -x - j*x = -10. What is the tens digit of 56/6 - x/(-3)?
1
Let j = 4107 + -1996. What is the tens digit of j?
1
Let x(j) = -2*j + 9. Let l be x(3). Let a be l*(-4)/30*15. What is the tens digit of 25*4*(-3)/a?
5
Let n(m) = -4*m**2 + 8*m. Let z be n(6). Let l = z - -202. What is the hundreds digit of l?
1
Suppose 5*r - 3663 = -3*h, -r + 7488 = 4*h + 2621. What is the units digit of h?
6
Suppose 0 = -9*h + 565 + 281. Let y = 6 - 4. What is the units digit of (-1)/y + h/4?
3
Suppose v = -5*k - 2*v + 29, -4*k + 28 = 4*v. Suppose 5*u = -k*n + 41 + 324, 4*n = -u + 361. What is the units digit of n?
0
Suppose 2 = 7*n - 5*n. Let h(o) = 7*o - 3 + 4 - n + 1. What is the units digit of h(4)?
9
Let p(x) = x**2 + 8*x + 9. Let g be p(-4). Let r = g + 5. Let a = 6 + r. What is the units digit of a?
4
Let n(j) = -2*j**3 + 6*j**2 - 3*j - 27. Let b be n(-6). Let t = b + -359. What is the tens digit of t?
8
Suppose 1920 = 3*y + 3*c + 462, 3*y - 1457 = -4*c. What is the tens digit of y?
8
Suppose -6 = -4*w + k, w - 10 = -4*k - 0. Suppose -a + p = -w*p - 93, -5*a - 5*p = -565. What is the tens digit of a?
0
Suppose 49*k + 2655 = c + 50*k, 0 = 2*c - 4*k - 5286. What is the units digit of c?
1
Suppose 5*c - 1616 - 2664 = 0. What is the hundreds digit of c?
8
Let v = 7 + -8. Let u be 3 + 5 - (v + 4). Suppose 2*a + 3*x - 30 = 45, a - u*x = 5. What is the units digit of a?
0
Let r = 570 + -395. Let a = r - 112. Suppose 0 = -0*o - 3*o + a. What is the units digit of o?
1
Suppose -4*a - 7*l + 1980 = 0, 10*l - 9*l = 0. What is the hundreds digit of a?
4
Let x(p) = 41*p - 5. What is the hundreds digit of x(3)?
1
Let s(k) = 2*k + 10. Let b be s